{"id":4298,"date":"2020-06-16T19:44:57","date_gmt":"2020-06-16T17:44:57","guid":{"rendered":"http:\/\/motoclub-glenac.com\/?page_id=4298"},"modified":"2020-09-30T11:22:57","modified_gmt":"2020-09-30T09:22:57","slug":"24-25-fevrier-stage-lmrb","status":"publish","type":"page","link":"http:\/\/motoclub-glenac.com\/?page_id=4298","title":{"rendered":"Stage LMRB 2018"},"content":{"rendered":"<p>[et_pb_section fb_built=\u00a0\u00bb1&Prime; admin_label=\u00a0\u00bbClasses Section\u00a0\u00bb _builder_version=\u00a0\u00bb3.22&Prime; background_color=\u00a0\u00bb#efe9e4&Prime; custom_padding=\u00a0\u00bb0px||167px|\u00a0\u00bb][et_pb_row admin_label=\u00a0\u00bbClass Area\u00a0\u00bb _builder_version=\u00a0\u00bb3.25&Prime; custom_padding=\u00a0\u00bb27px|0px|17px|0px||\u00a0\u00bb locked=\u00a0\u00bboff\u00a0\u00bb][et_pb_column type=\u00a0\u00bb4_4&Prime; _builder_version=\u00a0\u00bb3.25&Prime; custom_padding=\u00a0\u00bb|||\u00a0\u00bb custom_padding__hover=\u00a0\u00bb|||\u00a0\u00bb][et_pb_text admin_label=\u00a0\u00bbTitle\u00a0\u00bb _builder_version=\u00a0\u00bb4.3.2&Prime; text_font=\u00a0\u00bb||||||||\u00a0\u00bb header_font=\u00a0\u00bb||||||||\u00a0\u00bb header_2_font=\u00a0\u00bbPoppins|600|||||||\u00a0\u00bb header_2_text_align=\u00a0\u00bbcenter\u00a0\u00bb header_2_font_size=\u00a0\u00bb36px\u00a0\u00bb custom_margin=\u00a0\u00bb||0px|\u00a0\u00bb animation_style=\u00a0\u00bbfade\u00a0\u00bb]<\/p>\n<h2 style=\"text-align: center;\">Stage Haut niveau LMRB<\/h2>\n<h3 style=\"text-align: center;\">24 &amp; 25 f\u00e9vrier 2018<\/h3>\n<p>[\/et_pb_text][et_pb_divider color=\u00a0\u00bb#fdb467&Prime; divider_position=\u00a0\u00bbcenter\u00a0\u00bb divider_weight=\u00a0\u00bb3px\u00a0\u00bb _builder_version=\u00a0\u00bb3.2&Prime; max_width=\u00a0\u00bb50px\u00a0\u00bb module_alignment=\u00a0\u00bbcenter\u00a0\u00bb animation_style=\u00a0\u00bbslide\u00a0\u00bb animation_direction=\u00a0\u00bbtop\u00a0\u00bb animation_intensity_slide=\u00a0\u00bb10%\u00a0\u00bb animation_starting_opacity=\u00a0\u00bb100%\u00a0\u00bb][\/et_pb_divider][\/et_pb_column][\/et_pb_row][et_pb_row make_equal=\u00a0\u00bbon\u00a0\u00bb admin_label=\u00a0\u00bbClasses Area\u00a0\u00bb _builder_version=\u00a0\u00bb3.25&Prime; max_width=\u00a0\u00bb1440px\u00a0\u00bb custom_padding=\u00a0\u00bb27px|0px|27px|0px\u00a0\u00bb use_custom_width=\u00a0\u00bbon\u00a0\u00bb custom_width_px=\u00a0\u00bb1440px\u00a0\u00bb][et_pb_column type=\u00a0\u00bb4_4&Prime; _builder_version=\u00a0\u00bb3.25&Prime; background_color=\u00a0\u00bb#282624&Prime; custom_padding=\u00a0\u00bb|||\u00a0\u00bb custom_padding__hover=\u00a0\u00bb|||\u00a0\u00bb][et_pb_image src=\u00a0\u00bbhttp:\/\/motoclub-glenac.com\/wp-content\/uploads\/2018\/02\/P1020599.jpg\u00a0\u00bb force_fullwidth=\u00a0\u00bbon\u00a0\u00bb align_tablet=\u00a0\u00bbcenter\u00a0\u00bb align_phone=\u00a0\u00bb\u00a0\u00bb align_last_edited=\u00a0\u00bbon|desktop\u00a0\u00bb _builder_version=\u00a0\u00bb3.23&Prime; custom_margin=\u00a0\u00bb||0px|\u00a0\u00bb][\/et_pb_image][et_pb_text admin_label=\u00a0\u00bbTitle\u00a0\u00bb _builder_version=\u00a0\u00bb4.3.2&Prime; text_font=\u00a0\u00bbPoppins||||||||\u00a0\u00bb text_text_color=\u00a0\u00bbrgba(255,255,255,0.7)\u00a0\u00bb text_font_size=\u00a0\u00bb18px\u00a0\u00bb text_line_height=\u00a0\u00bb1.8em\u00a0\u00bb link_font=\u00a0\u00bb|600||on|||||\u00a0\u00bb link_text_color=\u00a0\u00bb#fdb467&Prime; link_font_size=\u00a0\u00bb16px\u00a0\u00bb link_letter_spacing=\u00a0\u00bb3px\u00a0\u00bb link_line_height=\u00a0\u00bb1.8em\u00a0\u00bb header_font=\u00a0\u00bb||||||||\u00a0\u00bb header_3_font=\u00a0\u00bbPoppins|600|||||||\u00a0\u00bb header_3_text_align=\u00a0\u00bbcenter\u00a0\u00bb header_3_font_size=\u00a0\u00bb24px\u00a0\u00bb header_3_line_height=\u00a0\u00bb1.8em\u00a0\u00bb background_color=\u00a0\u00bb#282624&Prime; text_orientation=\u00a0\u00bbcenter\u00a0\u00bb background_layout=\u00a0\u00bbdark\u00a0\u00bb custom_margin=\u00a0\u00bb|||\u00a0\u00bb custom_padding=\u00a0\u00bb40px|40px|40px|40px\u00a0\u00bb animation_style=\u00a0\u00bbfade\u00a0\u00bb]<\/p>\n<p><b>Stage de haut niveau organis\u00e9 par la Ligue Motocycliste R\u00e9gionale Bretagne \u00e0 Gl\u00e9nac <\/b><\/p>\n<p><b>avec S\u00e9bastien POURCEL et Th\u00e9o ROPTIN.<\/b><\/p>\n<p>\u00a0<a href=\"https:\/\/www.facebook.com\/sebpourcel11\/\"><b>S\u00e9bastien Pourcel<\/b><\/a>, n\u00e9 le 11 f\u00e9vrier 1985 \u00e0 Martigues, est un pilote de motocross fran\u00e7ais. Il est le fr\u00e8re ain\u00e9 de <a title=\"Christophe Pourcel\" href=\"https:\/\/fr.wikipedia.org\/wiki\/Christophe_Pourcel\">Christophe Pourcel<\/a>, champion du monde de motocross MX2 en 2006. S\u00e9bastien est \u00e9galement le patron de sa propre structure Pro Factory MX KTM<\/p>\n<p><a class=\"tag_article\" href=\"https:\/\/www.facebook.com\/roptinmx\/\">Th\u00e9o Roptin,<\/a> en selle depuis l&rsquo;\u00e2ge de 6 ans au Moto-club dinannais .Titulaire d&rsquo;un DEJEPS (Dipl\u00f4me d&rsquo;\u00c9tat de la Jeunesse, de l&rsquo;\u00c9ducation populaire et du Sport), Th\u00e9o Roptin prodigue des cours toute l&rsquo;ann\u00e9e.<\/p>\n<p>[\/et_pb_text][\/et_pb_column][\/et_pb_row][et_pb_row make_equal=\u00a0\u00bbon\u00a0\u00bb admin_label=\u00a0\u00bbClasses Area\u00a0\u00bb _builder_version=\u00a0\u00bb3.25&Prime; max_width=\u00a0\u00bb1440px\u00a0\u00bb custom_padding=\u00a0\u00bb27px|0px|27px|0px\u00a0\u00bb use_custom_width=\u00a0\u00bbon\u00a0\u00bb custom_width_px=\u00a0\u00bb1440px\u00a0\u00bb][et_pb_column type=\u00a0\u00bb4_4&Prime; _builder_version=\u00a0\u00bb3.25&Prime; background_color=\u00a0\u00bb#282624&Prime; custom_padding=\u00a0\u00bb|||\u00a0\u00bb custom_padding__hover=\u00a0\u00bb|||\u00a0\u00bb][et_pb_image src=\u00a0\u00bbhttp:\/\/motoclub-glenac.com\/wp-content\/uploads\/2018\/02\/P1020603.jpg\u00a0\u00bb align_tablet=\u00a0\u00bbcenter\u00a0\u00bb align_phone=\u00a0\u00bb\u00a0\u00bb align_last_edited=\u00a0\u00bbon|desktop\u00a0\u00bb _builder_version=\u00a0\u00bb3.23&Prime; custom_margin=\u00a0\u00bb||21px|||\u00a0\u00bb][\/et_pb_image][et_pb_text admin_label=\u00a0\u00bbTitle\u00a0\u00bb _builder_version=\u00a0\u00bb4.3.2&Prime; text_font=\u00a0\u00bbPoppins||||||||\u00a0\u00bb text_text_color=\u00a0\u00bbrgba(255,255,255,0.7)\u00a0\u00bb text_font_size=\u00a0\u00bb18px\u00a0\u00bb text_line_height=\u00a0\u00bb1.2em\u00a0\u00bb link_font=\u00a0\u00bb|600||on|||||\u00a0\u00bb link_text_color=\u00a0\u00bb#fdb467&Prime; link_font_size=\u00a0\u00bb16px\u00a0\u00bb link_letter_spacing=\u00a0\u00bb3px\u00a0\u00bb link_line_height=\u00a0\u00bb1.8em\u00a0\u00bb header_font=\u00a0\u00bb||||||||\u00a0\u00bb header_3_font=\u00a0\u00bbPoppins|600|||||||\u00a0\u00bb header_3_text_align=\u00a0\u00bbcenter\u00a0\u00bb header_3_font_size=\u00a0\u00bb24px\u00a0\u00bb header_3_line_height=\u00a0\u00bb1.8em\u00a0\u00bb background_color=\u00a0\u00bb#282624&Prime; text_orientation=\u00a0\u00bbcenter\u00a0\u00bb background_layout=\u00a0\u00bbdark\u00a0\u00bb max_height=\u00a0\u00bb613px\u00a0\u00bb custom_margin=\u00a0\u00bb|||\u00a0\u00bb custom_padding=\u00a0\u00bb10px|40px|40px|40px|false|false\u00a0\u00bb animation_style=\u00a0\u00bbfade\u00a0\u00bb locked=\u00a0\u00bboff\u00a0\u00bb]<\/p>\n<p>\u00a0Un grand merci \u00e0 Seb pour son Cadeau. Il est mis sous verre et gard\u00e9 en troph\u00e9e au club<\/p>\n<p>[\/et_pb_text][\/et_pb_column][\/et_pb_row][\/et_pb_section]<\/p>\n","protected":false},"excerpt":{"rendered":"<p>Stage Haut niveau LMRB 24 &amp; 25 f\u00e9vrier 2018Stage de haut niveau organis\u00e9 par la Ligue Motocycliste R\u00e9gionale Bretagne \u00e0 Gl\u00e9nac avec S\u00e9bastien POURCEL et Th\u00e9o ROPTIN. \u00a0S\u00e9bastien Pourcel, n\u00e9 le 11 f\u00e9vrier 1985 \u00e0 Martigues, est un pilote de motocross fran\u00e7ais. Il est le fr\u00e8re ain\u00e9 de Christophe Pourcel, champion du monde de motocross [&hellip;]<\/p>\n","protected":false},"author":1,"featured_media":0,"parent":2418,"menu_order":0,"comment_status":"closed","ping_status":"closed","template":"","meta":{"_et_pb_use_builder":"on","_et_pb_old_content":"","_et_gb_content_width":""},"_links":{"self":[{"href":"http:\/\/motoclub-glenac.com\/index.php?rest_route=\/wp\/v2\/pages\/4298"}],"collection":[{"href":"http:\/\/motoclub-glenac.com\/index.php?rest_route=\/wp\/v2\/pages"}],"about":[{"href":"http:\/\/motoclub-glenac.com\/index.php?rest_route=\/wp\/v2\/types\/page"}],"author":[{"embeddable":true,"href":"http:\/\/motoclub-glenac.com\/index.php?rest_route=\/wp\/v2\/users\/1"}],"replies":[{"embeddable":true,"href":"http:\/\/motoclub-glenac.com\/index.php?rest_route=%2Fwp%2Fv2%2Fcomments&post=4298"}],"version-history":[{"count":9,"href":"http:\/\/motoclub-glenac.com\/index.php?rest_route=\/wp\/v2\/pages\/4298\/revisions"}],"predecessor-version":[{"id":4841,"href":"http:\/\/motoclub-glenac.com\/index.php?rest_route=\/wp\/v2\/pages\/4298\/revisions\/4841"}],"up":[{"embeddable":true,"href":"http:\/\/motoclub-glenac.com\/index.php?rest_route=\/wp\/v2\/pages\/2418"}],"wp:attachment":[{"href":"http:\/\/motoclub-glenac.com\/index.php?rest_route=%2Fwp%2Fv2%2Fmedia&parent=4298"}],"curies":[{"name":"wp","href":"https:\/\/api.w.org\/{rel}","templated":true}]}}

<p>[et_pb_section fb_built= »1&Prime; admin_label= »Classes Section » _builder_version= »3.22&Prime; background_color= »#efe9e4&Prime; custom_padding= »0px||167px| »][et_pb_row admin_label= »Class Area » _builder_version= »3.25&Prime; custom_padding= »27px|0px|17px|0px|| » locked= »off »][et_pb_column type= »4_4&Prime; _builder_version= »3.25&Prime; custom_padding= »||| » custom_padding__hover= »||| »][et_pb_text admin_label= »Title » _builder_version= »4.3.2&Prime; text_font= »|||||||| » header_font= »|||||||| » header_2_font= »Poppins|600||||||| » header_2_text_align= »center » header_2_font_size= »36px » custom_margin= »||0px| » animation_style= »fade »]</p>
<h2 style="text-align: center;">Stage Haut niveau LMRB</h2>
<h3 style="text-align: center;">24 &amp; 25 février 2018</h3>
<p>[/et_pb_text][et_pb_divider color= »#fdb467&Prime; divider_position= »center » divider_weight= »3px » _builder_version= »3.2&Prime; max_width= »50px » module_alignment= »center » animation_style= »slide » animation_direction= »top » animation_intensity_slide= »10% » animation_starting_opacity= »100% »][/et_pb_divider][/et_pb_column][/et_pb_row][et_pb_row make_equal= »on » admin_label= »Classes Area » _builder_version= »3.25&Prime; max_width= »1440px » custom_padding= »27px|0px|27px|0px » use_custom_width= »on » custom_width_px= »1440px »][et_pb_column type= »4_4&Prime; _builder_version= »3.25&Prime; background_color= »#282624&Prime; custom_padding= »||| » custom_padding__hover= »||| »][et_pb_image src= »http://motoclub-glenac.com/wp-content/uploads/2018/02/P1020599.jpg » force_fullwidth= »on » align_tablet= »center » align_phone= » » align_last_edited= »on|desktop » _builder_version= »3.23&Prime; custom_margin= »||0px| »][/et_pb_image][et_pb_text admin_label= »Title » _builder_version= »4.3.2&Prime; text_font= »Poppins|||||||| » text_text_color= »rgba(255,255,255,0.7) » text_font_size= »18px » text_line_height= »1.8em » link_font= »|600||on||||| » link_text_color= »#fdb467&Prime; link_font_size= »16px » link_letter_spacing= »3px » link_line_height= »1.8em » header_font= »|||||||| » header_3_font= »Poppins|600||||||| » header_3_text_align= »center » header_3_font_size= »24px » header_3_line_height= »1.8em » background_color= »#282624&Prime; text_orientation= »center » background_layout= »dark » custom_margin= »||| » custom_padding= »40px|40px|40px|40px » animation_style= »fade »]</p>
<p><b>Stage de haut niveau organisé par la Ligue Motocycliste Régionale Bretagne à Glénac </b></p>
<p><b>avec Sébastien POURCEL et Théo ROPTIN.</b></p>
<p> <a href="https://www.facebook.com/sebpourcel11/"><b>Sébastien Pourcel</b></a>, né le 11 février 1985 à Martigues, est un pilote de motocross français. Il est le frère ainé de <a title="Christophe Pourcel" href="https://fr.wikipedia.org/wiki/Christophe_Pourcel">Christophe Pourcel</a>, champion du monde de motocross MX2 en 2006. Sébastien est également le patron de sa propre structure Pro Factory MX KTM</p>
<p><a class="tag_article" href="https://www.facebook.com/roptinmx/">Théo Roptin,</a> en selle depuis l&rsquo;âge de 6 ans au Moto-club dinannais .Titulaire d&rsquo;un DEJEPS (Diplôme d&rsquo;État de la Jeunesse, de l&rsquo;Éducation populaire et du Sport), Théo Roptin prodigue des cours toute l&rsquo;année.</p>
<p>[/et_pb_text][/et_pb_column][/et_pb_row][et_pb_row make_equal= »on » admin_label= »Classes Area » _builder_version= »3.25&Prime; max_width= »1440px » custom_padding= »27px|0px|27px|0px » use_custom_width= »on » custom_width_px= »1440px »][et_pb_column type= »4_4&Prime; _builder_version= »3.25&Prime; background_color= »#282624&Prime; custom_padding= »||| » custom_padding__hover= »||| »][et_pb_image src= »http://motoclub-glenac.com/wp-content/uploads/2018/02/P1020603.jpg » align_tablet= »center » align_phone= » » align_last_edited= »on|desktop » _builder_version= »3.23&Prime; custom_margin= »||21px||| »][/et_pb_image][et_pb_text admin_label= »Title » _builder_version= »4.3.2&Prime; text_font= »Poppins|||||||| » text_text_color= »rgba(255,255,255,0.7) » text_font_size= »18px » text_line_height= »1.2em » link_font= »|600||on||||| » link_text_color= »#fdb467&Prime; link_font_size= »16px » link_letter_spacing= »3px » link_line_height= »1.8em » header_font= »|||||||| » header_3_font= »Poppins|600||||||| » header_3_text_align= »center » header_3_font_size= »24px » header_3_line_height= »1.8em » background_color= »#282624&Prime; text_orientation= »center » background_layout= »dark » max_height= »613px » custom_margin= »||| » custom_padding= »10px|40px|40px|40px|false|false » animation_style= »fade » locked= »off »]</p>
<p> Un grand merci à Seb pour son Cadeau. Il est mis sous verre et gardé en trophée au club</p>
<p>[/et_pb_text][/et_pb_column][/et_pb_row][/et_pb_section]</p>

<p>Stage Haut niveau LMRB 24 &amp; 25 février 2018Stage de haut niveau organisé par la Ligue Motocycliste Régionale Bretagne à Glénac avec Sébastien POURCEL et Théo ROPTIN.  Sébastien Pourcel, né le 11 février 1985 à Martigues, est un pilote de motocross français. Il est le frère ainé de Christophe Pourcel, champion du monde de motocross [&hellip;]</p>
